9*j**2 - 4*j + 2. What is the remainder when m(-9) is divided by 6?
2
Let g(l) = l**2 - 7*l + 13. What is the remainder when 80 is divided by g(8)?
17
Suppose 4*x + f = 66, -4*x - f + 6*f = -54. Let p = -12 + 21. What is the remainder when x is divided by p?
7
Let h = -18 - -5. Let l = h - -28. What is the remainder when l is divided by 8?
7
Let w be (-2)/(-7) + (-425)/(-7). Suppose -5*d - 5*p = -p - 29, -4*p = -5*d + w. Calculate the remainder when 24 is divided by d.
6
Let l(t) = -4*t - t + 2*t. Let u be l(-6). Let y = u + 7. Calculate the remainder when y is divided by 9.
7
Suppose -15 = -5*u + 5. Suppose 2*q - 4 - u = 0. Calculate the remainder when q is divided by 2.
0
Let s = 63 + -40. Suppose -4*d + 4*k + 198 = 18, d - 45 = -4*k. What is the remainder when d is divided by s?
22
Let d(f) = -4*f - 66. What is the remainder when d(-20) is divided by 4?
2
Suppose 0 = 4*r + u - 1, r + 2 = 3*u - u. Calculate the remainder when 17 is divided by (r - 2)/((-4)/18).
8
Let w = -56 - -137. Calculate the remainder when w is divided by 28.
25
Suppose 4*b = -b + 25. Suppose -b*x - f = 4*f, 2*f = -6. Suppose -t = x*y - 29 - 23, -3*y - 168 = -3*t. Calculate the remainder when t is divided by 19.
17
Let d = 45 + -18. Suppose -3*c + 9 = -0*c. Suppose 0 = -b + 4*z - 6, -3*b - c*z = -2*b - 29. Calculate the remainder when d is divided by b.
13
Let y be (10/(-3))/(26/(-117)). Suppose 4*v = 5*f - v - y, -4*v = 0. Calculate the remainder when 10 is divided by f.
1
Let w(c) be the third derivative of -c**4/24 + 3*c**3/2 + c**2. Calculate the remainder when 43 is divided by w(-6).
13
Let x(l) = l + 11. Let b be x(-5). Let n = 23 - b. Calculate the remainder when 67 is divided by n.
16
Suppose 0*h = 2*h. Calculate the remainder when (18 - h/(-1)) + -1 is divided by 6.
5
Let m = 2 + -6. Let v(a) = -a**3 - 7*a**2 - 4*a - 7. Let y be v(-6). Let b = m - y. Calculate the remainder when 29 is divided by b.
14
Let j = 55 + -18. Let o = j + -24. Suppose 4*k + 2 = -4*f + 38, 2 = -2*k + 3*f. What is the remainder when o is divided by k?
3
Let h(r) = -5*r - 44. What is the remainder when (-6)/(-4)*(-40)/(-6) is divided by h(-10)?
4
Suppose -43 - 43 = -2*h. Suppose -4*j = -4*c + 132, 3*j - 5*c = 2*j - 17. Let y = -22 - j. Calculate the remainder when h is divided by y.
13
Suppose -5*a + 765 = 320. Calculate the remainder when a is divided by 6.
5
What is the remainder when (21/(-6) + 4)*206 is divided by 26?
25
Let h = -4 - -10. Let p = h + -4. What is the remainder when 6 is divided by p?
0
Suppose -6 = -x - 1. Let y(d) = 3*d - 9. What is the remainder when y(6) is divided by x?
4
Let a = 11 - 11. Let w(d) = -d + 24. Let x be w(a). Suppose s = 3*t - 14, -x = 4*t - 9*t + 2*s. Calculate the remainder when 14 is divided by t.
2
Let g = -14 + 37. What is the remainder when 113 is divided by g?
21
Let r(o) be the third derivative of -o**4/4 - 2*o**3/3 + 3*o**2. What is the remainder when 30 is divided by r(-2)?
6
Let g(k) = -2*k - 11. What is the remainder when g(-14) is divided by 4?
1
Let f(o) = 3*o - 6. Let k be ((-9)/27)/((-1)/30). What is the remainder when (k/8)/((-3)/(-84)) is divided by f(6)?
11
What is the remainder when (-1 - (-16)/(-3))*-3 is divided by -3 + (0 - -16) - 3?
9
Suppose 4*b + 8 = 8*b. Suppose v - 5 = t - 2*t, -8 = b*t. Let h = 3 + 12. What is the remainder when h is divided by v?
6
Suppose -3*h + 2*b + 0*b = -7, -4 = -b. Suppose 4*c - h*q - 20 - 3 = 0, c = 3*q - 3. What is the remainder when c is divided by 7?
5
Let q = 8 - 11. Let f = 7 + q. Let a = -18 + 20. What is the remainder when f is divided by a?
0
Suppose -3*l + 8 = -31. Let o(b) = b**3 - 4*b**2 + 5*b. Calculate the remainder when o(5) is divided by l.
11
Suppose -2*a - 9 = 3*q, 3*a + 5*q - q = -13. Let f be (-7)/21 - 241/a. Suppose f + 45 = 5*w. Calculate the remainder when w is divided by 13.
12
Suppose 3*r + i - 155 = 2*i, 5*r - 2*i = 259. Let s = -21 - -34. Calculate the remainder when r is divided by s.
12
Let y(o) = 10*o**3 + 1. Let l(j) = 3*j**2 + 3. What is the remainder when l(3) is divided by y(1)?
8
Let a(y) = y**2 + 5*y + 2. Let c be a(-5). Suppose 0 = l + 3*j - 10, -c*l - 6*j + 20 = -j. Calculate the remainder when 38 is divided by l.
8
Suppose 0 = 4*v - a - 134 - 863, -3*a + 759 = 3*v. Calculate the remainder when v is divided by 28.
26
Suppose 0 = 13*d - 7*d - 120. What is the remainder when d is divided by 6?
2
Let f(r) = -r**2 + 8*r + 4. Let o be f(8). Let a(p) = -2 - 1 + 2 + p. What is the remainder when a(o) is divided by 2?
1
Suppose 81 = -6*t + 219. What is the remainder when 36 is divided by t?
13
Let r(a) be the third derivative of 0*a - 31/120*a**6 - 1/24*a**4 + 0 + 2*a**2 - 1/6*a**3 + 1/60*a**5. What is the remainder when r(-1) is divided by 11?
10
Let l be (-2)/(-3 - 92/(-32)). Suppose -5*v = -4 - l. What is the remainder when v is divided by 3?
1
Let m = -3 + 1. Let v be ((-4)/(-4))/(m/(-4)). Suppose 3*d + 5*a = -d + 1, -2*d = -v*a - 14. What is the remainder when 10 is divided by d?
2
Suppose -6*g + 4*g = -40. Calculate the remainder when 39 is divided by g.
19
Let j = 15 - 10. Calculate the remainder when ((-42)/9)/((-2)/6) is divided by j.
4
Let w = 44 - 29. What is the remainder when 73 is divided by w?
13
Let b(w) = 2*w**2 + 11*w + 21. Calculate the remainder when 50 is divided by b(-6).
23
Suppose -g = 2*s - 96, 25 = 5*s - 0. Calculate the remainder when g is divided by 22.
20
Suppose r - 88 = -3*r. What is the remainder when r is divided by 12?
10
Let c(m) = -m**2 - 10*m - 13. What is the remainder when c(-6) is divided by 7?
4
Suppose 8*b - 6*b - 4 = 0. Suppose -2*m = -2*j + 22, b*m = -4*j - 3*m + 8. Calculate the remainder when 10 is divided by j.
3
Suppose -4*f + 99 + 49 = 0. What is the remainder when f is divided by 13?
11
Let g = 157 + -262. Let n(l) = l**3 - 5*l**2 + 5*l + 6. Calculate the remainder when n(5) is divided by g/(-9) + (-4)/6.
9
Suppose 102 + 78 = 5*i. Let r be ((-3)/12)/((-3)/i). Suppose 0 = -2*u, -r*n - 3*u = -0*u - 93. What is the remainder when n is divided by 16?
15
Suppose -5*r - 27 + 127 = 5*g, 3*r + 25 = 2*g. Let w = 72 - 40. Calculate the remainder when w is divided by g.
15
Let b(p) = 2*p + 52. What is the remainder when b(25) is divided by 26?
24
Let c(v) = -3*v**3 + v + 1. Let b be c(-1). Calculate the remainder when ((-2)/b)/(4/(-30)) is divided by 3.
2
Suppose -5*p + 2 = 5*m - 8, -4*p + 3 = 5*m. What is the remainder when p is divided by 1?
0
Let d = 1 - -1. Suppose 2*j - 17 = 5*q, -d*q - 12 = -j - 3. Calculate the remainder when j is divided by (18/10)/(24/80).
5
Suppose -j - t = -14, -5*j - 3*t + 76 = -4. Calculate the remainder when 34 is divided by j.
15
Calculate the remainder when 106 is divided by ((-243)/36)/((-1)/4).
25
Suppose 3*x + 11 - 2 = 0. Let z = x + 6. What is the remainder when 115/10 + 15/(-10) is divided by z?
1
Suppose 0 = 3*s + 5*b + 13, -2*b + 5 + 9 = -2*s. Let t be ((0 - s) + 1)*1. Let n(p) = p**2 - 3*p - 3. Calculate the remainder when n(t) is divided by 13.
12
Let b(m) = 170*m + 40. Let v(p) = 13*p + 3. Let x(f) = 3*b(f) - 40*v(f). Calculate the remainder when x(-5) is divided by 17.
16
Let u = -2 - -2. Suppose p = u, g - 5*p - 8 = -3*g. Calculate the remainder when g is divided by 2/1*(10 - 9).
0
Let q(y) = -y + 4. Let l(b) = -b**2 + b + 21. Let p be l(0). Suppose -3*w = -0*w + p. What is the remainder when q(w) is divided by 4?
3
Let i(p) = 9*p**2 + 2. Calculate the remainder when 73 is divided by i(-2).
35
Let j(f) = -f**3 - 3*f**2 - 3*f + 2. What is the remainder when j(-4) is divided by 7?
2
Suppose -n + 6 = 2*n. Suppose n*u - u = 20. Calculate the remainder when u is divided by (-3 + 4)/((-1)/(-11)).
9
Let o(b) be the second derivative of -b**3/6 + 13*b**2/2 + 7*b. What is the remainder when 95 is divided by o(-11)?
23
Let a(j) = -2*j + 49. What is the remainder when 150 is divided by a(16)?
14
Let w = 16 + -22. Let d be ((-3)/w)/(3/132). Suppose -4*h + d = 5*k, -2*h = -0*h + 2*k - 10. What is the remainder when h is divided by 2?
1
Let x = 127 - 93. Calculate the remainder when x is divided by 9.
7
What is the remainder when (-217)/(-3) - 6/(-9) is divided by (-6)/(-33) - (-621)/33?
16
Suppose m + 2*p = 19, -2*p + 99 = 3*m + 34. What is the remainder when 114 is divided by m?
22
Suppose 8 = 